{"id":4160,"date":"2024-06-27T14:03:34","date_gmt":"2024-06-27T12:03:34","guid":{"rendered":"https:\/\/cotonou.diplomatie.gov.bf\/?page_id=4160"},"modified":"2024-09-25T13:17:51","modified_gmt":"2024-09-25T11:17:51","slug":"le-chef-de-poste","status":"publish","type":"page","link":"https:\/\/cotonou.diplomatie.gov.bf\/index.php\/le-chef-de-poste\/","title":{"rendered":"Le chef de poste"},"content":{"rendered":"\t\t<div data-elementor-type=\"wp-page\" data-elementor-id=\"4160\" class=\"elementor elementor-4160\" data-elementor-post-type=\"page\">\n\t\t\t\t<div data-particle_enable=\"false\" data-particle-mobile-disabled=\"false\" class=\"elementor-element elementor-element-7923ed34 e-flex e-con-boxed e-con e-parent\" data-id=\"7923ed34\" data-element_type=\"container\" data-e-type=\"container\">\n\t\t\t\t\t<div class=\"e-con-inner\">\n\t\t<div data-particle_enable=\"false\" data-particle-mobile-disabled=\"false\" class=\"elementor-element elementor-element-5085b65e e-con-full e-flex e-con e-child\" data-id=\"5085b65e\" data-element_type=\"container\" data-e-type=\"container\">\n\t\t\t\t<div class=\"elementor-element elementor-element-29e74d47 elementor-widget elementor-widget-theme-post-featured-image elementor-widget-image\" data-id=\"29e74d47\" data-element_type=\"widget\" data-e-type=\"widget\" data-widget_type=\"theme-post-featured-image.default\">\n\t\t\t\t<div class=\"elementor-widget-container\">\n\t\t\t\t\t\t\t\t\t\t\t\t\t\t\t<img fetchpriority=\"high\" decoding=\"async\" width=\"230\" height=\"300\" src=\"https:\/\/cotonou.diplomatie.gov.bf\/wp-content\/uploads\/sites\/14\/2024\/09\/Chef-de-poste.jpg\" class=\"attachment-medium size-medium wp-image-5173\" alt=\"\" \/>\t\t\t\t\t\t\t\t\t\t\t\t\t\t\t<\/div>\n\t\t\t\t<\/div>\n\t\t\t\t<div class=\"elementor-element elementor-element-6789d8df elementor-widget elementor-widget-heading\" data-id=\"6789d8df\" data-element_type=\"widget\" data-e-type=\"widget\" data-widget_type=\"heading.default\">\n\t\t\t\t<div class=\"elementor-widget-container\">\n\t\t\t\t\t<h2 class=\"elementor-heading-title elementor-size-default\">Mr Jean Yves SAWADOGO<\/h2>\t\t\t\t<\/div>\n\t\t\t\t<\/div>\n\t\t\t\t<div class=\"elementor-element elementor-element-13dd1628 elementor-widget elementor-widget-heading\" data-id=\"13dd1628\" data-element_type=\"widget\" data-e-type=\"widget\" data-widget_type=\"heading.default\">\n\t\t\t\t<div class=\"elementor-widget-container\">\n\t\t\t\t\t<h2 class=\"elementor-heading-title elementor-size-default\">Consul Adjoint \/ G\u00e9rant int\u00e9rimaire du Consulat G\u00e9n\u00e9ral du Burkina Faso \u00e0 Cotonou au B\u00e9nin<\/h2>\t\t\t\t<\/div>\n\t\t\t\t<\/div>\n\t\t\t\t<\/div>\n\t\t\t\t<div class=\"elementor-element elementor-element-84aff44 elementor-hidden-mobile eael-divider-center elementor-widget elementor-widget-eael-divider\" data-id=\"84aff44\" data-element_type=\"widget\" data-e-type=\"widget\" data-widget_type=\"eael-divider.default\">\n\t\t\t\t<div class=\"elementor-widget-container\">\n\t\t\t\t\t\t\t<div class=\"eael-divider-wrap divider-direction-vertical\">\n\t\t\t\t\t\t\t<div class=\"divider-text-container\">\n\t\t\t\t\t<div class=\"divider-text-wrap\">\n\t\t\t\t\t\t\t\t\t\t\t\t\t<span class=\"divider-border-wrap divider-border-left\">\n\t\t\t\t\t\t\t\t<span class=\"divider-border\"><\/span>\n\t\t\t\t\t\t\t<\/span>\n\t\t\t\t\t\t\t\t\t\t\t\t<span class=\"eael-divider-content\">\n\t\t\t\t\t\t\t\t\t\t\t\t\t\t\t<span class=\"eael-divider-icon\">\n\t\t\t\t\t\t\t\t\t\t\t\t\t\t\t\t\t\t\t<svg aria-hidden=\"false\" class=\"e-font-icon-svg e-fas-star\" viewBox=\"0 0 576 512\" xmlns=\"http:\/\/www.w3.org\/2000\/svg\"><path d=\"M259.3 17.8L194 150.2 47.9 171.5c-26.2 3.8-36.7 36.1-17.7 54.6l105.7 103-25 145.5c-4.5 26.3 23.2 46 46.4 33.7L288 439.6l130.7 68.7c23.2 12.2 50.9-7.4 46.4-33.7l-25-145.5 105.7-103c19-18.5 8.5-50.8-17.7-54.6L382 150.2 316.7 17.8c-11.7-23.6-45.6-23.9-57.4 0z\"><\/path><\/svg>\t\t\t\t\t\t\t\t\t\t\t\t\t\t\t\t\t<\/span>\n\t\t\t\t\t\t\t\t\t\t\t\t\t<\/span>\n\t\t\t\t\t\t\t\t\t\t\t\t\t<span class=\"divider-border-wrap divider-border-right\">\n\t\t\t\t\t\t\t\t<span class=\"divider-border\"><\/span>\n\t\t\t\t\t\t\t<\/span>\n\t\t\t\t\t\t\t\t\t\t\t<\/div>\n\t\t\t\t<\/div>\n\t\t\t\t\t<\/div>\n\t\t\t\t<\/div>\n\t\t\t\t<\/div>\n\t\t<div data-particle_enable=\"false\" data-particle-mobile-disabled=\"false\" class=\"elementor-element elementor-element-7a2da5f3 e-con-full e-flex e-con e-child\" data-id=\"7a2da5f3\" data-element_type=\"container\" data-e-type=\"container\">\n\t\t\t\t<div class=\"elementor-element elementor-element-71f6c68 elementor-widget elementor-widget-text-editor\" data-id=\"71f6c68\" data-element_type=\"widget\" data-e-type=\"widget\" data-widget_type=\"text-editor.default\">\n\t\t\t\t<div class=\"elementor-widget-container\">\n\t\t\t\t\t\t\t\t\t<p>Monsieur <strong>Jean Yves SAWADOGO, G\u00e9rant int\u00e9rimaire<\/strong> du Consulat G\u00e9n\u00e9ral du Burkina Faso pr\u00e8s la R\u00e9publique du B\u00e9nin, est titulaire d\u2019une <strong>ma\u00eetrise en droit public<\/strong> obtenue \u00e0 l\u2019universit\u00e9 Ouaga 2 et d\u2019un <strong>Dipl\u00f4me d\u2019Etudes Sup\u00e9rieures en Diplomatie et Relations Internationales (DESDRI)<\/strong> obtenu \u00e0 l\u2019Institut des Hautes Etudes Internationales sis \u00e0 Loumbila au Burkina Faso. Apr\u00e8s son admission au concours de Conseiller des Affaires Etrang\u00e8res en 2017, il int\u00e8gre apr\u00e8s une formation de deux (02) ans couronn\u00e9es de succ\u00e8s, le Minist\u00e8re en charge des Affaires Etrang\u00e8res d\u2019o\u00f9 il sera mis \u00e0 la disposition du Minist\u00e8re de l\u2019Int\u00e9gration Africaine et des Burkinab\u00e8 de l\u2019Ext\u00e9rieur. Dans ce D\u00e9partement minist\u00e9riel, il servira \u00e0 la Direction G\u00e9n\u00e9rale des Burkinab\u00e8 de l\u2019Ext\u00e9rieur o\u00f9 il occupera par la suite le poste de <strong>Chef de service documents d\u2019identit\u00e9, de voyage et d\u2019\u00e9tat civil<\/strong>.<\/p><p>Par ailleurs, entre 2021 et 2023, monsieur Jean Yves SAWADOGO a \u00e9t\u00e9 1<sup>er<\/sup> vice-secr\u00e9taire g\u00e9n\u00e9ral puis Secr\u00e9taire g\u00e9n\u00e9ral du Syndicat Autonome des Agents du Minist\u00e8re des Affaires Etrang\u00e8res.<\/p><p>Nomm\u00e9<strong> Consul Adjoint en octobre 2023<\/strong>, il sera d\u00e9sign\u00e9 depuis le 1<sup>er<\/sup> f\u00e9vrier 2024, G\u00e9rant int\u00e9rimaire avec l\u2019admission \u00e0 la retraite du Consul G\u00e9n\u00e9ral, monsieur Daouda OUEDRAOGO.<\/p>\t\t\t\t\t\t\t\t<\/div>\n\t\t\t\t<\/div>\n\t\t\t\t<\/div>\n\t\t\t\t<div class=\"elementor-element elementor-element-293c662a elementor-absolute elementor-widget elementor-widget-image\" data-id=\"293c662a\" data-element_type=\"widget\" data-e-type=\"widget\" data-settings=\"{&quot;_position&quot;:&quot;absolute&quot;}\" data-widget_type=\"image.default\">\n\t\t\t\t<div class=\"elementor-widget-container\">\n\t\t\t\t\t\t\t\t\t\t\t\t\t\t\t<img decoding=\"async\" width=\"657\" height=\"332\" src=\"https:\/\/cotonou.diplomatie.gov.bf\/wp-content\/uploads\/sites\/14\/2024\/09\/h4_about_shape01.png\" class=\"attachment-full size-full wp-image-4929\" alt=\"\" srcset=\"https:\/\/cotonou.diplomatie.gov.bf\/wp-content\/uploads\/sites\/14\/2024\/09\/h4_about_shape01.png 657w, https:\/\/cotonou.diplomatie.gov.bf\/wp-content\/uploads\/sites\/14\/2024\/09\/h4_about_shape01-300x152.png 300w\" sizes=\"(max-width: 657px) 100vw, 657px\" \/>\t\t\t\t\t\t\t\t\t\t\t\t\t\t\t<\/div>\n\t\t\t\t<\/div>\n\t\t\t\t\t<\/div>\n\t\t\t\t<\/div>\n\t\t\t\t<\/div>\n\t\t","protected":false},"excerpt":{"rendered":"<p>Mr Jean Yves SAWADOGO Consul Adjoint \/ G\u00e9rant int\u00e9rimaire du Consulat G\u00e9n\u00e9ral du Burkina Faso \u00e0 Cotonou au B\u00e9nin Monsieur Jean Yves SAWADOGO, G\u00e9rant int\u00e9rimaire du Consulat G\u00e9n\u00e9ral du Burkina Faso pr\u00e8s la R\u00e9publique du B\u00e9nin, est titulaire d\u2019une ma\u00eetrise en droit public obtenue \u00e0 l\u2019universit\u00e9 Ouaga 2 et d\u2019un Dipl\u00f4me d\u2019Etudes Sup\u00e9rieures en Diplomatie [&hellip;]<\/p>\n","protected":false},"author":4,"featured_media":0,"parent":0,"menu_order":0,"comment_status":"closed","ping_status":"closed","template":"elementor_header_footer","meta":{"_acf_changed":false,"_monsterinsights_skip_tracking":false,"_monsterinsights_sitenote_active":false,"_monsterinsights_sitenote_note":"","_monsterinsights_sitenote_category":0,"footnotes":""},"class_list":["post-4160","page","type-page","status-publish","hentry"],"acf":[],"_links":{"self":[{"href":"https:\/\/cotonou.diplomatie.gov.bf\/index.php\/wp-json\/wp\/v2\/pages\/4160","targetHints":{"allow":["GET"]}}],"collection":[{"href":"https:\/\/cotonou.diplomatie.gov.bf\/index.php\/wp-json\/wp\/v2\/pages"}],"about":[{"href":"https:\/\/cotonou.diplomatie.gov.bf\/index.php\/wp-json\/wp\/v2\/types\/page"}],"author":[{"embeddable":true,"href":"https:\/\/cotonou.diplomatie.gov.bf\/index.php\/wp-json\/wp\/v2\/users\/4"}],"replies":[{"embeddable":true,"href":"https:\/\/cotonou.diplomatie.gov.bf\/index.php\/wp-json\/wp\/v2\/comments?post=4160"}],"version-history":[{"count":181,"href":"https:\/\/cotonou.diplomatie.gov.bf\/index.php\/wp-json\/wp\/v2\/pages\/4160\/revisions"}],"predecessor-version":[{"id":5178,"href":"https:\/\/cotonou.diplomatie.gov.bf\/index.php\/wp-json\/wp\/v2\/pages\/4160\/revisions\/5178"}],"wp:attachment":[{"href":"https:\/\/cotonou.diplomatie.gov.bf\/index.php\/wp-json\/wp\/v2\/media?parent=4160"}],"curies":[{"name":"wp","href":"https:\/\/api.w.org\/{rel}","templated":true}]}}